 prime factors of x?
2, 3, 19
Let u be (-1 + -1)*(-9)/6. Suppose 0 = -2*b - u*b + 380. Suppose -4*m - 12 = -4*x + 68, 2*m + b = 4*x. What are the prime factors of x?
2, 3
Let x be (1 - 2)*2*1. What are the prime factors of ((-195)/9)/(x/6)?
5, 13
Let c = -6 + 16. Let r(h) = h**2 + 3*h - 15. Let p be r(c). Let a = -66 + p. List the prime factors of a.
7
Suppose 7*o + 3 = -18. What are the prime factors of o - (-2 - 0) - -70?
3, 23
Suppose 4*z = 4*h - h + 933, 2*z + 4*h - 450 = 0. What are the prime factors of z?
3, 7, 11
Suppose -8*u + 16 = -4*u - 4*f, -3*f + 3 = 0. Suppose -5*w + u*j + 1030 = -0*w, 2*w - 5*j - 424 = 0. What are the prime factors of w?
2, 101
Let f = -930 + 1695. List the prime factors of f.
3, 5, 17
Suppose 3*o - m - 11653 = 0, 4*o = -0*o + 2*m + 15540. What are the prime factors of o?
11, 353
Let d = 1222 - 771. List the prime factors of d.
11, 41
Let p(k) = 28*k - 11. Let y(v) = -84*v + 34. Let b(s) = 7*p(s) + 2*y(s). List the prime factors of b(3).
3, 5
Let m(j) be the third derivative of -2*j**2 + 0 - 1/8*j**4 - 2/15*j**5 - 5/6*j**3 + 0*j - 1/120*j**6. List the prime factors of m(-8).
19
Let b be ((-4)/5)/((-2)/115). Let y = 132 - b. What are the prime factors of y?
2, 43
Let f = 1236 - 476. What are the prime factors of f?
2, 5, 19
Let f = -475 + 708. List the prime factors of f.
233
Suppose 422 = -2*x + 4*x. Let m = -140 - -173. Suppose -4*n - n - m = -y, -x = -5*y + 2*n. What are the prime factors of y?
43
Let b(h) = h**3 - 6*h**2 + 4*h + 6. Let z be b(5). List the prime factors of (-2055)/(-20) - z/(-4).
103
Suppose -5*k + 6 = 2*p + 2, 3*k = 2*p - 4. Suppose 7 - 13 = -p*w. Let t = 26 - w. What are the prime factors of t?
23
Suppose 9*p - 300 = -6*p. What are the prime factors of (135/p)/((-1)/6)*-2?
3
Let q(u) = u**2 - 18*u + 35. Let b be q(12). Let w be (21/(-5))/((-1)/(-5)). Let x = w - b. What are the prime factors of x?
2
Suppose -8 = -5*u + 7. Suppose -u*n = -2*t - 51, 4*n + 0*n + t = 79. Let o = 8 + n. List the prime factors of o.
3
Let t(q) = q**3 - 12*q**2 + 19*q + 9. Let n be t(10). What are the prime factors of -5 - -122 - -1*(n + 1)?
3, 13
Suppose -4*p = -6*p + 4. Suppose -p*r = -r - 65. List the prime factors of r.
5, 13
Let c(x) = -11*x. Let g be c(2). Let b = g + 10. Let l(z) = z**2 + 11*z + 7. List the prime factors of l(b).
19
Let s be (3/2 - 1)*6. Let z = s - -23. List the prime factors of z.
2, 13
Suppose 0 = 3*a + 2*j - 3951 - 3737, -4*a + 2*j + 10260 = 0. What are the prime factors of a?
2, 641
Let c be (-774)/(-15) + -2 - (-3)/(-5). Let d = c - 44. List the prime factors of d.
5
Suppose 5*u + 169 + 143 = i, -4*i = u - 1143. What are the prime factors of i?
7, 41
Let v(q) = -3*q**3 - 2*q**2 - q. Let w be v(-1). Suppose 2*t - 4*t + w = 0. List the prime factors of 1/(t/3) + 54.
3, 19
Let u = 68 + 164. Suppose 0*t + 240 = 4*m + 2*t, 4*m = 2*t + u. What are the prime factors of m?
59
Let g be 3*2/(-9)*9. Let o(w) = -5*w + 7. List the prime factors of o(g).
37
Let b(u) = 332*u + 152. List the prime factors of b(10).
2, 7, 31
Let x(k) = 109*k**3 + k. Let b(i) = -109*i**3 + i**2 - 2*i. Let h(n) = 2*b(n) + 3*x(n). List the prime factors of h(1).
2, 5, 11
Let v = -18 - -2. Let y = v + 27. What are the prime factors of y?
11
Suppose 0 = 3*g - 4*g - 12. Let f(t) = t**2 - 5*t + 8. What are the prime factors of f(g)?
2, 53
Suppose 2*w = -3*d + 7955, -w - 2*w + 11922 = d. List the prime factors of w.
29, 137
Let i(a) be the second derivative of -5*a**3/3 - 19*a**2/2 + 6*a. What are the prime factors of i(-4)?
3, 7
Let d(o) be the first derivative of 11*o**3 + 3*o**2 - o - 25. List the prime factors of d(2).
11, 13
Let u be 146/(-6) - (-19)/57. What are the prime factors of (-4)/6 + (-2104)/u?
3, 29
Let x(v) be the third derivative of 1/4*v**4 + 0*v - 1/6*v**3 + 0 + 1/60*v**5 - 10*v**2. What are the prime factors of x(-8)?
3, 5
Let z(l) = -l**2 - 15*l + 12. Let m be 836/(-57) + (-2)/(-3). List the prime factors of z(m).
2, 13
Suppose 16*c = 14*c + 8. Suppose c*j - 207 - 5 = 0. List the prime factors of j.
53
Let r = -34 - -2761. What are the prime factors of r?
3, 101
Let k = 36 - 34. Let m be 94/3*(-6)/(-4). What are the prime factors of k/(-5) - m/(-5)?
3
Let n = -5 + 8. Let j(p) = -p**2 - 44*p - 118. Let o be j(-41). Suppose n*b = o*i - 0*b - 59, -5*b = 2*i - 36. List the prime factors of i.
13
Suppose -16*u + 21065 + 9895 = 0. List the prime factors of u.
3, 5, 43
Let d(n) = n**3 + 3*n**2 - 11*n. Let x be d(-5). Suppose -2*i - 180 = -6*i - 5*m, x*i + 2*m = 225. What are the prime factors of i?
3, 5
Let f(v) be the second derivative of 2/3*v**3 + 0 + 1/2*v**2 - 11*v + 1/12*v**4. What are the prime factors of f(-6)?
13
What are the prime factors of -5*(-6 + 371/(-35))?
83
List the prime factors of (-6)/15*(-1 + 0)*1005.
2, 3, 67
Let m = -36 + 52. Let o = m + -22. Let c(i) = -4*i + 6. What are the prime factors of c(o)?
2, 3, 5
What are the prime factors of 127861/174 + 13/6 + -2?
3, 5, 7
Let c = 593 - 455. List the prime factors of c.
2, 3, 23
Let d(x) = x**2 + 9*x - 11. Let a be d(-11). Let g(s) = s - 15. Let q be g(a). What are the prime factors of (q - -1)*4/(-2)?
2, 3
Let r be (-368)/(-6) + (-20)/(-30). Suppose 2*y - r = 48. List the prime factors of y.
5, 11
Let t(w) = 5 - w**2 + 2 + 2 - 16*w + 4*w. List the prime factors of t(-12).
3
Suppose 5 = 2*k - 9. Let x = k - -18. What are the prime factors of x?
5
Suppose -l + 11*l = -10. What are the prime factors of ((-2)/(-4) + l)*-2*116?
2, 29
Let w = 11 - 7. Let i = w + 0. Suppose i*b = b + 63. What are the prime factors of b?
3, 7
List the prime factors of 3/1 + 1756 + -34.
3, 5, 23
Suppose 2065 = f + 6*f. List the prime factors of f.
5, 59
Suppose 5*n - 5*l = 1545, -3*n + 3*l - 2*l = -917. Let q = n - 130. What are the prime factors of q?
2, 3, 29
Let r = -50 - -44. Let u(x) = -16*x + 1. What are the prime factors of u(r)?
97
Let o = -12 - -9. Let g be (-13)/o + (-2)/(-3). Suppose 11 = g*t + 1. List the prime factors of t.
2
Let i(w) = -33*w + 4. Let z(j) = -4*j**3 + j**2 - 2*j + 1. Let r be z(1). Let f be i(r). Let n = f - 82. List the prime factors of n.
2, 3
Suppose 3*r = 2*s + 5242, 1 = 3*s - 11. List the prime factors of r.
2, 5, 7
Let v(h) = 1253*h**3 + 2*h**2 + 11*h - 12. What are the prime factors of v(1)?
2, 3, 11, 19
Suppose -2*q = 3*n + q - 18, 0 = -2*n - 5*q + 3. Let d be 48/27 - (-2)/n. Suppose 2*f - 32 = -2*z, -2*z + 58 = z - d*f. List the prime factors of z.
2, 3
Let a = 42 + -20. Suppose -5*q + 5*p - 4*p = -44, 0 = 2*q + 4*p - a. What are the prime factors of q?
3
Let m(h) = -h + 2. Let d be m(2). Suppose d = 2*q + 3*q - 3*n - 324, 5*q - 321 = 2*n. List the prime factors of q.
3, 7
Let h(g) = g**3 + 4*g**2 - 8*g - 4. Let t = -26 - -19. Let o be h(t). List the prime factors of -3*(o/15 - 1).
2, 11
Let b(o) be the second derivative of o**4 - o**3/3 + o**2/2 + 3*o. List the prime factors of b(-2).
53
Let c = -1172 + 3036. List the prime factors of c.
2, 233
Let h(c) be the second derivative of c**3/3 - c**2 + 20*c. Let y(t) = -t**2 - 8*t - 9. Let j be y(-6). List the prime factors of h(j).
2
Let a(j) = j**3 + 13*j**2 + 10*j - 17. Let h be a(-12). Let w = 14 - h. Suppose 0 = -9*s + w*s + 134. List the prime factors of s.
67
Let b(w) = -4*w - 8*w + 14*w - w + 12. List the prime factors of b(-6).
2, 3
Let h = -666 + 898. List the prime factors of h.
2, 29
Let o(j) = 2*j + 2. Let p be o(-4). Let k be 0*(0 - 3/p). Suppose k*l = -l + 5, -2*u + 93 = 3*l. List the prime factors of u.
3, 13
Let r = 76 - 122. Let s = -32 - r. List the prime factors of s.
2, 7
Suppose -510 = -5*p - 0*b - b, 0 = -2*p + 3*b + 204. Suppose 3*o - 2*n - 295 = -17, 0 = o + 4*n - p. What are the prime factors of o?
2, 47
Let u(n) = -n**3 - 3*n**2 + 10*n - 4. What are the prime factors of u(-10)?
2, 149
Let d(q) = -q - 1. Let h(f) = -6*f**2 + 5*f + 4. Let i(c) = -5*d(c) - h(c). What are the prime factors of i(5)?
151
Let n = -52 - 18. Let p = 0 + 7. What are the prime factors of (-1910)/n + (-2)/p?
3
Let c(j) = 49*j + 338. List the prime factors of c(23).
5, 293
List the prime factors of -35*(-462)/35*1.
2, 3, 7, 11
Let d = 59 + -41. Let t(y) = -y**2 + 23*y - 34. List the prime factors of t(d).
2, 7
Suppose 8 = -32*c + 36*c. Suppose 2*a - 74 = -c. List the prime factors of a